 5 is divided by 2*6*4/c?
2
Let x = -1014 - -1026. What is the remainder when x is divided by 8?
4
Suppose t = -b + 97, t - 5*b = 53 + 20. What is the remainder when 929 is divided by t?
92
Suppose -5*l = -5*q - 82 + 22, 3*l + q - 44 = 0. Calculate the remainder when 83 is divided by l.
13
Let y(x) = 15*x - 290. What is the remainder when y(26) is divided by 26?
22
Let y(b) = -4*b - 9. Let q(d) = -5*d - 9. Let x(r) = 3*q(r) - 4*y(r). Let t be x(-15). Calculate the remainder when 41 is divided by (-555)/(-51) - t/51.
8
Let i(q) = 14*q**3 - q**2 + 2*q. Let t be i(1). Suppose -34 - 14 = 4*a. Let b = a + t. Calculate the remainder when 3 is divided by b.
0
Let o(x) = -3*x - 5. Let h be o(-4). Let i(l) = l**2 - 7*l - 2. Let f be i(h). Calculate the remainder when 57 is divided by (2 + -10)*5/f.
17
Let k(q) = 2*q - 3. Let z be k(8). Suppose -2*d = -3*s + 7, -5*s - d = -3*d - z. Let l(x) = 3*x - 2. What is the remainder when 19 is divided by l(s)?
5
Let d(f) = f**3 - 5*f**2 - 4*f + 5. Let z = 85 - 80. Suppose -3*a + 2*n = -196, 0 = 2*a + z*n - 96 - 41. What is the remainder when a is divided by d(6)?
15
Let c = 155 - 137. Suppose -117 = -4*z + 31. Let n = c + z. Calculate the remainder when n is divided by 19.
17
Let j(c) = -c**2 - 11*c + 12. Let d be j(-12). Suppose -3*v + 0*v + 15 = d. Calculate the remainder when 42 is divided by 54/v - 1/(-5).
9
Calculate the remainder when 2267/6 - (-48)/288 is divided by 76.
74
Let c be (-2)/3*-12 - (7 - 3). Suppose -4*f + 8 = -c. Calculate the remainder when 4 is divided by f.
1
Let m(l) = l**2 + 8*l - 2. Let z be m(-7). What is the remainder when ((-102)/z)/((-4)/(-6)) is divided by 9?
8
Suppose 5*c - 160 = -0*y - 5*y, 126 = 3*c - 3*y. What is the remainder when c is divided by 21?
16
Let t(a) = -a**3 + 9*a**2 - 10*a + 6. Let k be t(8). Let o = 12 + k. Suppose -o*x = -6*x + 248. What is the remainder when x is divided by 21?
20
Suppose 0*b = 5*l - b - 35, -16 = -l + 2*b. What is the remainder when (560/(-24))/(-2) - (-2)/l is divided by 3?
0
Let q(v) = 2*v**2 - 6*v + 1. Let n = -21 - -7. What is the remainder when q(5) is divided by -1*(n - (-3 + 0))?
10
Calculate the remainder when 1/(-7 + 1475/210) is divided by 27.
15
Let g = -3 - -30. What is the remainder when -150*(-15)/30 + 3 is divided by g?
24
Let b = -103 - -383. Suppose 3*o = 32 + b. What is the remainder when o is divided by 21?
20
Let t(a) = -a**2 + 20*a + 14. Let v be t(21). Suppose -s + 25 = 4*s. What is the remainder when s is divided by v + 8 + (-1)/(-1)?
1
Suppose h = 2*l - 0*h + 362, 0 = l + 2*h + 191. Suppose -c = -3*s + 117, 2*s = 6*c - c + 546. Let d = c - l. Calculate the remainder when d is divided by 26.
23
Suppose -2*x + 0*x + 4*o + 234 = 0, -o - 440 = -4*x. Suppose 3*y - x = 80. Calculate the remainder when y is divided by 11.
8
Suppose n - 11 = 3*l, 3*n - 5*l + 26 - 63 = 0. Let r = -414 - -440. What is the remainder when r is divided by n?
12
Let c(i) = i - 11. Let t be c(13). Suppose 39 = 3*d + t*g, 0 = 2*d - g - 9 - 17. Let m = 77 - d. Calculate the remainder when m is divided by 13.
12
Let o be 4/18*-6*18/12. What is the remainder when 2 is divided by (0 + (-4)/o)/2?
0
Let x be (-12)/15*-5 - -74. Suppose -11*i + 13*i = x. What is the remainder when 116 is divided by i?
38
Suppose -5*g = -2*g - 6*g. Suppose 0 = 5*w - h - 195, -4*w = -g*h - 3*h - 167. What is the remainder when w is divided by 16?
6
Let p(a) = a**2 - 7*a + 12. Suppose -3*o = -59 + 2. Calculate the remainder when p(11) is divided by o.
18
Let c(q) = -5*q - 4. Let i be c(-2). Suppose 3*v - 34 + 7 = 0. Calculate the remainder when (-33 - 0)*(i - (-132)/(-18)) is divided by v.
8
Let t = 535 - 509. What is the remainder when t is divided by 16?
10
Suppose -2*j - 2*t + 81 = -121, -16 = 4*t. Calculate the remainder when j is divided by 34.
3
Suppose 22*w - 12 - 83 = 125. Let d(c) = 3*c**3 - 3*c**2 + 2*c - 2. Let y be d(2). Calculate the remainder when 388/y + (-2)/(-7) is divided by w.
8
Let u(f) = -f**3 - 11*f**2 - f - 9. Let i be u(-11). Suppose -21 + 61 = i*n. Calculate the remainder when n is divided by 11.
9
Suppose t - 4*t + 3*l = -258, 3*l - 3 = 0. Calculate the remainder when 338 is divided by t.
77
Let l = 91 + -35. Suppose 2*n + 86 = 3*a, 0 = -3*n + 5*a - 147 + 18. Let r = 58 + n. What is the remainder when l is divided by r?
11
Let d(l) = -2*l**2 + 19*l - 4. Let j be d(9). Suppose -j*y - 75 = -5*k, -3 + 74 = 5*k - y. Calculate the remainder when 18 is divided by k.
4
Let j(p) = -13*p + 3. Suppose 4*t + 2*h = -18, 5*h = -5*t - 18 - 7. What is the remainder when j(t) is divided by ((-29)/(-3))/((-3)/(-9))?
26
Let w = -23 + 5. Let n = w - -64. Suppose 53 - 8 = 4*b - 3*t, 5*b + 3*t - 63 = 0. Calculate the remainder when n is divided by b.
10
Suppose 5 - 3 = -2*k. Let i be (k - -3)/(-1) + -1. Let d(h) = h**2 + h - 1. Calculate the remainder when d(i) is divided by 4.
1
Let q = 16 - 0. Let o = -10 + q. Calculate the remainder when 8 is divided by o.
2
Suppose 42*r - 14*r = 1316. Calculate the remainder when r is divided by 20.
7
Suppose 65 = 8*v - 79. Let y = 2 + v. Calculate the remainder when 75 is divided by y.
15
Suppose 5*m + p = 228, 87*p = 88*p - 3. Calculate the remainder when 1077 is divided by m.
42
Let r(b) = 89*b**2 + b. Suppose 0 = 3*w - 3*v + 15, w + 11 = 6*w + 4*v. Let y be r(w). Calculate the remainder when y/2*1 + -4 is divided by 21.
19
Calculate the remainder when 74 is divided by (-920)/50*10/(-4).
28
Suppose 7*s - 777 = -0*s. Suppose -3*l - 3*j = -111, 0*l - 5*j - s = -3*l. Calculate the remainder when l is divided by 10.
7
Let g(m) = 4*m**2 + 14*m - 6. Let u be g(-6). Suppose j - 27 = 5*s, j = -j + s + u. Calculate the remainder when 75 is divided by j.
21
Suppose 3*b - 226 = -25. Suppose 3*m + 4*h = b, 0*m + 93 = 5*m + 2*h. Suppose -o + 2*r = -9, 2*o - 2*r = r + 16. What is the remainder when m is divided by o?
2
Calculate the remainder when 19 is divided by (-1 + 2/10)*(-29 - -19).
3
Let m = -3 + 3. Suppose r - 5*n - 78 = 0, -5*r + m*r = 2*n - 282. What is the remainder when r is divided by 6/(-4) + 198/12?
13
Let s be (226/4 + -1)*2. Suppose -s + 31 = -5*l. Calculate the remainder when l is divided by 7.
2
Suppose 11*z - 8*z - 9 = 0. Suppose -7*q + 5*w + 160 = -2*q, -108 = -3*q - z*w. Calculate the remainder when q is divided by 9.
7
Let h(j) = -j**2 - 16*j - 11. Calculate the remainder when 168 is divided by h(-5).
36
Let c be 2 + 2/1 + -4. Let q(a) = a + 36. What is the remainder when q(c) is divided by 10?
6
Let g(o) = o**3 + 20*o**2 + 23. Let j be -10*(15/6 + -1). What is the remainder when (-1344)/j - (-6)/(-10) is divided by g(-20)?
20
Let s be (-18)/(-24) - 27/4. What is the remainder when 141 is divided by 51 + (2/s)/((-11)/(-99))?
45
Let w(b) = b + 14. Let c be w(-6). Let f(g) = -5 + 1 - c*g + g**3 - 3 - 5*g**2. What is the remainder when f(7) is divided by 18?
17
Let f = -2881 - -3089. What is the remainder when f is divided by 14?
12
Let z = 910 - 751. What is the remainder when z is divided by 36?
15
Suppose -4*h - 19 + 6 = -q, -6 = -q - 3*h. Let l = -38 + 34. What is the remainder when 33 + (-6 + -2)/l is divided by q?
8
Suppose -s + 4*i + 24 = 0, 0 = 2*i + 1 + 3. Calculate the remainder when 0/1 + s + -2 is divided by 7.
0
Suppose 32*p - 627 = 21*p. Calculate the remainder when p is divided by 33.
24
Let y be 15*(-2)/(-6)*-1. Let f = y - -21. What is the remainder when f is divided by 9?
7
Suppose -2*v = -0*v - 608. Suppose m + 8 = v. What is the remainder when 21 is divided by 2/(-6) + m/24?
9
Let k = -76 + 79. Suppose -k*t = 4*a - 6*t - 124, a = -4*t + 50. Calculate the remainder when a is divided by 23.
11
Let v = 284 - 270. What is the remainder when 95 is divided by v?
11
Let d = 5450 + -5444. Let w(s) = s**2 + 7*s + 7. Let y be w(-5). Calculate the remainder when d is divided by 22/6 + 2/y.
0
Suppose -g - 35 = 2*z + 72, g = 1. Let m = -27 - z. What is the remainder when m is divided by 7?
6
Suppose -2*c + 3*z + 22 = 0, -3*c - 3*z + 7 = -z. Calculate the remainder when 3*(c - (-385)/15) is divided by 16.
12
Let h be (2 + -3)/((-6)/48). Let u(n) = 7*n - 31*n**3 - 5*n**2 - 4*n**2 + 32*n**3 - h. Calculate the remainder when u(9) is divided by 14.
13
Let x(f) = -4*f - 6. Let g = 0 + 2. Suppose -5*v = g*l - 107, 2*l + 0*v 